{"id":37123,"date":"2018-08-27T05:10:36","date_gmt":"2018-08-27T11:10:36","guid":{"rendered":"https:\/\/aplicaexcelcontable.com\/blog\/?page_id=37123"},"modified":"2021-10-06T19:43:26","modified_gmt":"2021-10-07T01:43:26","slug":"grabar-facturas-con-la-app-csb","status":"publish","type":"page","link":"https:\/\/aplicaexcelcontable.com\/blog\/grabar-facturas-con-la-app-csb","title":{"rendered":"Grabar Facturas con la App CSB"},"content":{"rendered":"<p><span style=\"width: 100%;\"><a href=\"https:\/\/aplicaexcelcontable.com\/blog\/wp-content\/uploads\/2017\/12\/LogoblogAEC.jpg\" rel=\"\"><img loading=\"lazy\" decoding=\"async\" alt=\"\" width=\"240\" height=\"48\" title=\"LogoblogAEC\" data-id=\"27181\" src=\"\/\/aplicaexcelcontable.com\/blog\/wp-content\/uploads\/2017\/12\/LogoblogAEC.jpg\" style=\"\"><\/a><\/span><\/p>\n<h2 style=\"text-align: center;\">Como grabar las facturas de compra y venta en la App Control de Stock b\u00e1sico<\/h2>\n<p style=\"text-align: justify;\">Estas listo para ver los pasos de Como grabar las facturas de compra y venta en la Aplicaci\u00f3n Control de Stock &nbsp;b\u00e1sico paso a paso:<\/p>\n<h2 style=\"text-align: center;\">Manual del Usuario<\/h2>\n<p><span><\/span><\/p>\n<h4>Pasos para Configurar la App<\/h4>\n<p><span><\/span><\/p>\n<h4>Grabar una Factura de Compra y Venta<\/h4>\n<p><span><\/span><\/p>\n<h4>Como Generar el Stock de Inventario<\/h4>\n<p><span><\/span><\/p>\n<h4>Video Adicional P\/usuarios Avanzados<\/h4>\n<h2 style=\"text-align: center;\">Pasos para grabar facturas de comprra y venta en la App Control de Stock Basico<\/h2>\n<p style=\"text-align: justify;\">En este video, vamos a ver c\u00f3mo grabar las facturas de compra para darle entrada al Stock de inventario y los pasos de como grabar las facturas de venta para darle salida al Stock de inventario.<\/p>\n<p style=\"text-align: justify;\">Para comenzar nos ubicamos en la Hoja de Ingresos y Egresos y digitamos una factura de compra.<\/p>\n<p style=\"text-align: justify;\">comenzamos por la fecha, el n\u00famero de pedio, n\u00famero de factura, y como es compra, seleccionamos el nombre del Proveedor.<\/p>\n<p style=\"text-align: justify;\">Si no tienes el nombre del proveedor, tan solo pulsas clic sobre el encabezado proveedor y te llevara directamente a la lista de proveedores, tan solo lo agregas y regresas a la hoja de ingreso y egresos.<\/p>\n<p style=\"text-align: justify;\">Continuamos, dejamos en blanco cliente, seleccionamos el nombre del producto comprado y le agregamos la cantidad.<\/p>\n<p style=\"text-align: justify;\">Si compramos varios productos, seleccionamos el nombre del producto, escribimos la cantidad, copiamos los valores de fecha hasta proveedor y lo pegamos.<\/p>\n<p style=\"text-align: justify;\">Listo, hemos agregado un factura de compra, ahora, vamos a agregar una factura de venta.<\/p>\n<p style=\"text-align: justify;\">Escribimos la fecha de la venta, el n\u00famero de pedido, numero de factura, dejamos en blanco proveedores y seleccionamos clientes, no olvides, si el cliente no aparece en la lista, tan solo debes de agregarlo, para eso pulsas clic en el encabezado clientes.<\/p>\n<p style=\"text-align: justify;\">Indiamente nos trae en la hoja clientes, agregamos el cliente y regresamos a la hoja Ingresos y egresos, seleccionamos el cliente y en productos, elegimos el producto vendido, en cantidad, escribimos la cantidad que salio, lo escribimos en negativo por que es una salida.Digitamos rapidamente otra venta, para terminar con este video.<\/p>\n<p style=\"text-align: justify;\">De esta forma, puedes ir alimentando la hoja Ingresos y egresos, para ir generando el contro lde stock.<\/p>\n<p style=\"text-align: justify;\">Que tal te pareci\u00f3 el contenido del dia de hoy, te gusto? Si te gusto este primer video, te invito a compartirlo con tus amigos de facebook:<\/p>\n<p style=\"text-align: justify;\">Cualquier duda o pregunta, tan solo escr\u00edbenos en la <a href=\"https:\/\/www.facebook.com\/AplicaExceContable\/\" target=\"_blank\" rel=\"noopener\">secci\u00f3n<\/a> de comentarios o bien desde la pagina de contacto.<\/p>\n<p style=\"text-align: justify;\">Saludos,<\/p>\n<p style=\"text-align: justify;\"><strong>Roger Perez &#8211; Aplica Excel Contable<\/strong><\/p>\n<p>[tcb-script type=\u00bbtext\/javascript\u00bb]var Tawk_API=Tawk_API||{}, Tawk_LoadStart=new Date();(function(){var s1=document.createElement(\u00abscript\u00bb),s0=document.getElementsByTagName(\u00abscript\u00bb)[0];s1.async=true;s1.src=&#8217;https:\/\/embed.tawk.to\/5730abe0cba28dd313b32bae\/1akdvkph8&#8242;;s1.charset=&#8217;UTF-8&#8242;;s1.setAttribute(&#8216;crossorigin&#8217;,&#8217;*&#8217;);s0.parentNode.insertBefore(s1,s0);})();[\/tcb-script]<\/p>\n","protected":false},"excerpt":{"rendered":"<p>Como grabar las facturas de compra y venta en la App Control de Stock b\u00e1sico Estas listo para ver los pasos de Como grabar las facturas de compra y venta en la Aplicaci\u00f3n Control de Stock &nbsp;b\u00e1sico paso a paso: Manual del Usuario Pasos para Configurar la App Grabar una Factura de Compra y Venta [&hellip;]<\/p>\n","protected":false},"author":1,"featured_media":0,"parent":0,"menu_order":0,"comment_status":"open","ping_status":"closed","template":"","meta":{"footnotes":""},"class_list":["post-37123","page","type-page","status-publish","hentry","post-wrapper","thrv_wrapper"],"_links":{"self":[{"href":"https:\/\/aplicaexcelcontable.com\/blog\/wp-json\/wp\/v2\/pages\/37123","targetHints":{"allow":["GET"]}}],"collection":[{"href":"https:\/\/aplicaexcelcontable.com\/blog\/wp-json\/wp\/v2\/pages"}],"about":[{"href":"https:\/\/aplicaexcelcontable.com\/blog\/wp-json\/wp\/v2\/types\/page"}],"author":[{"embeddable":true,"href":"https:\/\/aplicaexcelcontable.com\/blog\/wp-json\/wp\/v2\/users\/1"}],"replies":[{"embeddable":true,"href":"https:\/\/aplicaexcelcontable.com\/blog\/wp-json\/wp\/v2\/comments?post=37123"}],"version-history":[{"count":0,"href":"https:\/\/aplicaexcelcontable.com\/blog\/wp-json\/wp\/v2\/pages\/37123\/revisions"}],"wp:attachment":[{"href":"https:\/\/aplicaexcelcontable.com\/blog\/wp-json\/wp\/v2\/media?parent=37123"}],"curies":[{"name":"wp","href":"https:\/\/api.w.org\/{rel}","templated":true}]}}