{"id":36437,"date":"2018-07-22T07:56:54","date_gmt":"2018-07-22T13:56:54","guid":{"rendered":"https:\/\/aplicaexcelcontable.com\/blog\/?page_id=36437"},"modified":"2020-05-31T09:39:02","modified_gmt":"2020-05-31T15:39:02","slug":"video-funciones-de-fecha-y-hora-en-excel","status":"publish","type":"page","link":"https:\/\/aplicaexcelcontable.com\/blog\/video-funciones-de-fecha-y-hora-en-excel","title":{"rendered":"Video Funciones de fecha y hora en excel"},"content":{"rendered":"<h2 style=\"text-align: center;\">Video Funciones de Fecha y hora en Excel<\/h2>\n<p style=\"text-align: justify;\">Estas listo para ver el video Funciones de Fecha y hora en excel paso a paso?<\/p>\n<h2 style=\"text-align: center;\">Que tal te pareci\u00f3 el video?<\/h2>\n<p style=\"text-align: justify;\">Si te gusto, te invito a que nos sigas en <span style=\"color: rgb(0, 23, 255);\"><strong>facebook<\/strong><\/span> y<span style=\"color: rgb(241, 17, 17);\"><strong> youtube<\/strong><\/span>, tan solo pulsa en el boton y s\u00edguenos:<\/p>\n<h1><strong>S\u00edguenos en:<\/strong><\/h1>\n<p><a href=\"https:\/\/www.facebook.com\/aplicaexcecontable\" target=\"_blank\" rel=\"noopener noreferrer\"><\/a><a href=\"http:\/\/www.youtube.com\/user\/excelycontabilidad?sub_confirmation=1\" target=\"_blank\" rel=\"noopener noreferrer\"><\/a><\/p>\n<h2 style=\"text-align: center;\">Como utilizar las funciones de fecha y hora en excel<\/h2>\n<p><span style=\"width: 100%;\"><a href=\"https:\/\/aplicaexcelcontable.com\/blog\/wp-content\/uploads\/2018\/07\/Funciones-de-Fecha-y-hora-en-excel-1.png\" rel=\"\"><img loading=\"lazy\" decoding=\"async\" alt=\"Video Funciones de Fecha y hora\" width=\"430\" height=\"300\" title=\"Funciones de Fecha y hora en excel (1)\" data-id=\"36344\" src=\"\/\/aplicaexcelcontable.com\/blog\/wp-content\/uploads\/2018\/07\/Funciones-de-Fecha-y-hora-en-excel-1.png\" style=\"\"><\/a><\/span><\/p>\n<p style=\"text-align: justify;\">Es importante conocer como utilizar las funciones de fecha y hora si estas trabajando en el area de contabilidad o recursos humanos.<\/p>\n<p style=\"text-align: justify;\">Para comenzar hoy te voy a <a href=\"https:\/\/www.facebook.com\/AplicaExceContable\/\" target=\"_blank\" rel=\"noopener noreferrer\">compartir<\/a> el video Funciones de fecha y hora paso a paso, para que puedas ser productivo en tus labores diarios.<\/p>\n<p style=\"text-align: justify;\">Para ver el video, pulsa clic en el bot\u00f3n:<\/p>\n<h2 style=\"text-align: center;\"><strong>Mira los Primeros 4 Consejos:<\/strong><\/h2>\n<h2 style=\"text-align: center;\"><strong>Lo que podr\u00e1s&nbsp;ver:<\/strong><\/h2>\n<ul>\n<li><span>Comprobar si una fecha es P. P. o F.<\/span><\/li>\n<li><span>Encontrar la cantidad de D\u00edas entre dos fechas.<\/span><\/li>\n<li><span>Relleno Autom\u00e1tico de D\u00edas de semana.<\/span><\/li>\n<\/ul>\n<h2 style=\"text-align: center;\"><strong>Te ofrecemos Mini Cursos de Excel<\/strong><strong>\u200b<\/strong><\/h2>\n<p><span style=\"width: 100%;\"><img loading=\"lazy\" decoding=\"async\" alt=\"\" width=\"149\" height=\"149\" title=\"Minicurso\" data-id=\"33243\" src=\"\/\/aplicaexcelcontable.com\/blog\/wp-content\/uploads\/2018\/02\/Minicurso.png\" style=\"\"><\/span><\/p>\n<h1 style=\"text-align: center;\">Mini Curso de Formato Condicional<\/h1>\n<p style=\"text-align: justify;\">En este Mini Curso podras aprender como <strong>Resaltar errores en Excel<\/strong>, <strong>Duplicados en Excel<\/strong>, como crear un <strong>Diagrama de Gantt<\/strong> y mucho mas..&nbsp;<\/p>\n<h2 style=\"text-align: center;\">Curso de Reportes Semanales<\/h2>\n<p><span style=\"width: 100%;\"><img loading=\"lazy\" decoding=\"async\" alt=\"\" width=\"333\" height=\"171\" title=\"Informes Diarios\" data-id=\"33383\" src=\"\/\/aplicaexcelcontable.com\/blog\/wp-content\/uploads\/2018\/02\/Informes-Diarios.png\" style=\"\"><\/span><\/p>\n<p style=\"text-align: justify;\">En este Mini Curso aprender\u00e1s a crear un <strong>Resumen de Reportes Diarios<\/strong>,<strong> Semanales o bien Mensual atreves de las Excel Formulas<\/strong>, y mucho mas&#8230;<\/p>\n<p style=\"text-align: justify;\">Por lo tanto, Si te gusto el contenido de hoy, te invito a que lo compartas con tus amigos en facebook, twiter o bien por correo electr\u00f3nico.<\/p>\n<p style=\"text-align: justify;\">Para finalizar, si tienes dudas o preguntas, no olvides en escribirnos en la secci\u00f3n de comentarios o bien escr\u00edbenos en el chat o a mi correo electr\u00f3nico rogerperezb@gmail.com.<\/p>\n<p style=\"text-align: justify;\">Saludos,<\/p>\n<p style=\"text-align: justify;\"><strong>Roger Perez &#8211; Aplica Excel contable <\/strong><\/p>\n","protected":false},"excerpt":{"rendered":"<p>Video Funciones de Fecha y hora en Excel Estas listo para ver el video Funciones de Fecha y hora en excel paso a paso? Que tal te pareci\u00f3 el video? Si te gusto, te invito a que nos sigas en facebook y youtube, tan solo pulsa en el boton y s\u00edguenos: S\u00edguenos en: Como utilizar [&hellip;]<\/p>\n","protected":false},"author":1,"featured_media":0,"parent":0,"menu_order":0,"comment_status":"closed","ping_status":"closed","template":"","meta":{"footnotes":""},"class_list":["post-36437","page","type-page","status-publish","hentry","post-wrapper","thrv_wrapper"],"_links":{"self":[{"href":"https:\/\/aplicaexcelcontable.com\/blog\/wp-json\/wp\/v2\/pages\/36437","targetHints":{"allow":["GET"]}}],"collection":[{"href":"https:\/\/aplicaexcelcontable.com\/blog\/wp-json\/wp\/v2\/pages"}],"about":[{"href":"https:\/\/aplicaexcelcontable.com\/blog\/wp-json\/wp\/v2\/types\/page"}],"author":[{"embeddable":true,"href":"https:\/\/aplicaexcelcontable.com\/blog\/wp-json\/wp\/v2\/users\/1"}],"replies":[{"embeddable":true,"href":"https:\/\/aplicaexcelcontable.com\/blog\/wp-json\/wp\/v2\/comments?post=36437"}],"version-history":[{"count":0,"href":"https:\/\/aplicaexcelcontable.com\/blog\/wp-json\/wp\/v2\/pages\/36437\/revisions"}],"wp:attachment":[{"href":"https:\/\/aplicaexcelcontable.com\/blog\/wp-json\/wp\/v2\/media?parent=36437"}],"curies":[{"name":"wp","href":"https:\/\/api.w.org\/{rel}","templated":true}]}}