{"id":27661,"date":"2018-01-01T14:10:58","date_gmt":"2018-01-01T20:10:58","guid":{"rendered":"https:\/\/aplicaexcelcontable.com\/blog\/?page_id=27661"},"modified":"2023-12-14T16:19:30","modified_gmt":"2023-12-14T22:19:30","slug":"cursos-avanzados","status":"publish","type":"page","link":"https:\/\/aplicaexcelcontable.com\/blog\/cursos-avanzados","title":{"rendered":"cursos avanzados"},"content":{"rendered":"<p><span style=\"width: 100%;\"><a href=\"https:\/\/aplicaexcelcontable.com\/blog\/wp-content\/uploads\/2017\/12\/LogoblogAEC.jpg\" rel=\"\"><img decoding=\"async\" alt=\"\" width=\"164\" height=\"33\" title=\"LogoblogAEC\" data-id=\"27181\" src=\"\/\/aplicaexcelcontable.com\/blog\/wp-content\/uploads\/2017\/12\/LogoblogAEC.jpg\" style=\"aspect-ratio: auto 240 \/ 48;\" data-width=\"164\" data-height=\"33\" data-init-width=\"240\" data-init-height=\"48\" loading=\"lazy\" data-><\/a><\/span><\/p>\n<h1 style=\"text-align: center;\">Dise\u00f1a tu Sistema Contable Avanzado<\/h1>\n<h2 style=\"text-align: center;\">Esta Incluido:<\/h2>\n<ul>\n<li><span>Dise\u00f1a tu Sistema Contable<\/span><\/li>\n<li><span>Persnoaliza tu Plan contable<\/span><\/li>\n<li><span>Configura y Personaliza tu SC<\/span><\/li>\n<\/ul>\n<p><span style=\"width: 100%;\"><a href=\"https:\/\/aplicaexcelcontable.com\/blog\/como-crear-tu-sistema-contable-avanzado\" rel=\"noopener\" target=\"_blank\"><img decoding=\"async\" alt=\"\" width=\"232\" height=\"81\" title=\"Curso avanzado para barra lateral SCA\" data-id=\"57219\" src=\"https:\/\/aplicaexcelcontable.com\/blog\/wp-content\/uploads\/2023\/12\/Curso-avanzado-para-barra-lateral-SCA.png\" style=\"aspect-ratio: auto 787 \/ 274;\" data-width=\"232\" data-height=\"81\" data-init-width=\"787\" data-init-height=\"274\" ml-d=\"-1.421999999999997\" mt-d=\"0\" loading=\"lazy\" data-><\/a><\/span><\/p>\n<h1 style=\"text-align: center;\"><a href=\"https:\/\/aplicaexcelcontable.com\/blog\/como-crear-tu-sistema-contable-avanzado\" style=\"outline: none; display: inline-block;\" target=\"_blank\" rel=\"noopener\">Clic aqu\u00ed para ver mas detalles<\/a><\/h1>\n<h1 style=\"text-align: center;\">Dise\u00f1a tu Sistema de Facturaci\u00f3n e Inventario<\/h1>\n<h2 style=\"text-align: center;\">99 videos tutoriales paso a paso<\/h2>\n<ul>\n<li><span>Dise\u00f1a tu Sistema de GFI<\/span><\/li>\n<li><span>Controla tus CxC y CxP<\/span><\/li>\n<li><span>Configura y Personaliza tu SGFI<\/span><\/li>\n<\/ul>\n<p><span style=\"width: 100%;\"><a href=\"https:\/\/aplicaexcelcontable.com\/blog\/wp-content\/uploads\/2013\/07\/Sistema-de-Facturacion-Basico-copia.png\" rel=\"\"><img decoding=\"async\" alt=\"\" width=\"630\" height=\"337\" title=\"Sistema de Facturacion Basico - copia\" data-id=\"18821\" src=\"\/\/aplicaexcelcontable.com\/blog\/wp-content\/uploads\/2013\/07\/Sistema-de-Facturacion-Basico-copia.png\" style=\"\" loading=\"lazy\"><\/a><\/span><\/p>\n<h1 style=\"text-align: center;\"><a href=\"https:\/\/aplicaexcelcontable.com\/blog\/curso-como-crear-tu-sgfi\" style=\"outline: none; display: inline-block;\" target=\"_blank\" rel=\"noopener\">Clic aqu\u00ed para ver mas detalles<\/a><\/h1>\n<p style=\"text-align: center;\">Dise\u00f1a tu App Control de Carteras<\/p>\n<p style=\"text-align: left;\">30 Videos paso a paso:<\/p>\n<ul>\n<li><span>Dise\u00f1o de Hojas&nbsp;<\/span><\/li>\n<li><span>Formulas de creditos vencidos<\/span><\/li>\n<li><span>Automatizacion de la App&nbsp;<\/span><\/li>\n<\/ul>\n<p><span style=\"width: 100%;\"><a href=\"https:\/\/aplicaexcelcontable.com\/blog\/wp-content\/uploads\/2017\/12\/ControldeCarteras.png\" rel=\"\"><img decoding=\"async\" alt=\"\" width=\"150\" height=\"63\" title=\"ControldeCarteras\" data-id=\"27180\" src=\"https:\/\/aplicaexcelcontable.com\/blog\/wp-content\/uploads\/2017\/12\/ControldeCarteras-150x63.png\" style=\"\" loading=\"lazy\"><\/a><\/span><\/p>\n<p style=\"text-align: center;\">Cursos Avanzados en PDF<\/p>\n<p style=\"text-align: left;\">Lista de Cursos:<\/p>\n<ul>\n<li><span>Como Dise\u00f1ar tu Sistema Contable<\/span><\/li>\n<li><span>Como Dise\u00f1ar tu Sistema de GFI<\/span><\/li>\n<li><span>Y 4 cursos mas&#8230;&nbsp;<\/span><\/li>\n<\/ul>\n<h1 style=\"text-align: center;\">Membresia VIP &#8211; Acceso a todos los Cursos y Sistemas<\/h1>\n<p><span style=\"width: 100%;\"><img decoding=\"async\" alt=\"Cursos Avanzados\" width=\"300\" height=\"251\" title=\"946d66a3e515e19e3ebb06373771cc34.png\" src=\"\/\/i.pinimg.com\/originals\/94\/6d\/66\/946d66a3e515e19e3ebb06373771cc34.png\" style=\"\" loading=\"lazy\"><\/span><\/p>\n<h1 style=\"text-align: center;\">Beneficios de la Membresia VIP:<\/h1>\n<ul>\n<li><span>Acceso al Curso Aplica Excel Contable 73 videos + PDF<\/span><\/li>\n<li><span>Acceso al Curso Como crear tu SGFI 99 videos + PDF<\/span><\/li>\n<li><span>Acceso al PDF del Curso 1 y 2 de Programacion en Excel<\/span><\/li>\n<li><span>Acceso al PDF del Curso 76 Formulas Excel<\/span><\/li>\n<li><span>Descarga del Sistema Contable V5.0 mas Videos Instructivos<\/span><\/li>\n<\/ul>\n<ul>\n<li><span>Acceso al Curso Como crear tu Plantilla Control de Carteras 30 videos + PDF.<\/span><\/li>\n<li><span>Descarga del Sistema de Factruacion e Inventario V5.0 mas videos instructivos<\/span><\/li>\n<li><span>Membresia por 3 a\u00f1os sin limitaciones<\/span><\/li>\n<li><span>Acceso gratis a Nuevos Cursos agregados durante el tiempo de tu Membresia de 3 a\u00f1os.<\/span><\/li>\n<li><span>Y se me olvidaba, esta incluido el Sistema Integrado.<\/span><\/li>\n<\/ul>\n","protected":false},"excerpt":{"rendered":"<p>Dise\u00f1a tu Sistema Contable Avanzado Esta Incluido: Dise\u00f1a tu Sistema Contable Persnoaliza tu Plan contable Configura y Personaliza tu SC Clic aqu\u00ed para ver mas detalles Dise\u00f1a tu Sistema de Facturaci\u00f3n e Inventario 99 videos tutoriales paso a paso Dise\u00f1a tu Sistema de GFI Controla tus CxC y CxP Configura y Personaliza tu SGFI Clic [&hellip;]<\/p>\n","protected":false},"author":1,"featured_media":0,"parent":0,"menu_order":0,"comment_status":"closed","ping_status":"closed","template":"","meta":{"footnotes":""},"class_list":["post-27661","page","type-page","status-publish","hentry","post-wrapper","thrv_wrapper"],"_links":{"self":[{"href":"https:\/\/aplicaexcelcontable.com\/blog\/wp-json\/wp\/v2\/pages\/27661","targetHints":{"allow":["GET"]}}],"collection":[{"href":"https:\/\/aplicaexcelcontable.com\/blog\/wp-json\/wp\/v2\/pages"}],"about":[{"href":"https:\/\/aplicaexcelcontable.com\/blog\/wp-json\/wp\/v2\/types\/page"}],"author":[{"embeddable":true,"href":"https:\/\/aplicaexcelcontable.com\/blog\/wp-json\/wp\/v2\/users\/1"}],"replies":[{"embeddable":true,"href":"https:\/\/aplicaexcelcontable.com\/blog\/wp-json\/wp\/v2\/comments?post=27661"}],"version-history":[{"count":0,"href":"https:\/\/aplicaexcelcontable.com\/blog\/wp-json\/wp\/v2\/pages\/27661\/revisions"}],"wp:attachment":[{"href":"https:\/\/aplicaexcelcontable.com\/blog\/wp-json\/wp\/v2\/media?parent=27661"}],"curies":[{"name":"wp","href":"https:\/\/api.w.org\/{rel}","templated":true}]}}