{"id":13667,"date":"2019-12-28T08:05:16","date_gmt":"2019-12-28T14:05:16","guid":{"rendered":"https:\/\/aplicaexcelcontable.com\/Alumnos\/?page_id=13667"},"modified":"2023-06-12T14:39:17","modified_gmt":"2023-06-12T20:39:17","slug":"incluirsoportealcurso1","status":"publish","type":"page","link":"https:\/\/aplicaexcelcontable.com\/Alumnos\/incluirsoportealcurso1","title":{"rendered":"incluirsoportealcurso1"},"content":{"rendered":"<h1 style=\"text-align: center;\">Te gustar\u00eda acceder al Curso completo y Descargar el Sistema Contable V3.0 ?<\/h1>\n<p style=\"text-align: justify;\">Te invito a inscribirte al Curso completo con soporte incluido.<\/p>\n<p style=\"text-align: justify;\">Te gustar\u00eda saber que incluye el paquete del Curso completo con Soporte incluido? Si estas aqu\u00ed es por que eres una persona decidido en mejorar d\u00eda a d\u00eda tus habilidades y conocimientos referente a Excel.<\/p>\n<p style=\"text-align: justify;\">Hola Soy Roger P\u00e9rez, el encargado de guiarte paso a paso en el Curso de Como crear tu Sistema contable V1.0, estas listo para ver y aplicar todo lo que contiene este curso?<\/p>\n<p style=\"text-align: justify;\">Dentro del Curso completo con Soporte Incluido, te entregaremos de forma inmediata los siguientes beneficios:<\/p>\n<p><span style=\"width: 100%;\"><a href=\"https:\/\/aplicaexcelcontable.com\/Alumnos\/wp-content\/uploads\/2018\/11\/Roger-Perez.png\" rel=\"\"><img loading=\"lazy\" decoding=\"async\" alt=\"\" width=\"150\" height=\"150\" title=\"Roger-Perez\" data-id=\"12414\" src=\"https:\/\/aplicaexcelcontable.com\/Alumnos\/wp-content\/uploads\/2018\/11\/Roger-Perez-150x150.png\" style=\"\"><\/a><\/span><\/p>\n<ul>\n<li style=\"\"><span>Acceso a los videos del Manual del usuario (Configuraci\u00f3n y Personalizaci\u00f3n del sistema)<\/span><\/li>\n<li style=\"\"><span>Te daremos acceso al Curso de Excel B\u00e1sico &#8211; Avanzado<\/span><\/li>\n<li style=\"\"><span>Acceso al Curso B\u00e1sico de Programaci\u00f3n en VBA (Macros)<\/span><\/li>\n<li style=\"\"><span>Acceso al Curso de Contabilidad B\u00e1sico<\/span><\/li>\n<li style=\"\"><span>Te compartiremos el acceso a la Descarga del Sistema Contable avanzado V3.0<\/span><\/li>\n<li style=\"\"><span>Tendr\u00e1s Acceso al Curso por 1 a\u00f1o.<\/span><\/li>\n<li style=\"\"><span>Soporte disponible por correo electr\u00f3nico, whatsapp y por chat de la pagina.<\/span><\/li>\n<li><span>Podras descargar tu Certificado de Participacion al terminar el curso.<\/span><\/li>\n<\/ul>\n<p>El acceso a todo este Material tiene un costo de 69 USD, p<strong><\/strong>ulsa clic en el bot\u00f3n para inscribirte:<\/p>\n<h2 style=\"text-align: center;\">Que mas hay para mi al Inscribirme en el Curso?<\/h2>\n<p>Vamos a regalarte un bono muy especial, valorado en 69 USD si lo compras por individual, pero solo por hoy es gratis para ti, al inscribirte al curso completo de como crear tu Sistema contable v1.0:<\/p>\n<h3 style=\"text-align: center;\">99 Videos de Como crear tu Sistema de Gesti\u00f3n &#8211; Facturaci\u00f3n e Inventario<\/h3>\n<p><span style=\"width: 100%;\"><a href=\"https:\/\/aplicaexcelcontable.com\/Alumnos\/wp-content\/uploads\/2018\/02\/Sistema-de-Facturacion-Basico-copia.png\" rel=\"noopener\" target=\"_blank\"><img loading=\"lazy\" decoding=\"async\" alt=\"\" width=\"630\" height=\"337\" title=\"Sistema-de-Facturacion-Basico-copia\" data-id=\"11902\" src=\"https:\/\/aplicaexcelcontable.com\/Alumnos\/wp-content\/uploads\/2018\/02\/Sistema-de-Facturacion-Basico-copia.png\" style=\"\"><\/a><\/span><\/p>\n<p>Estas listo para inscribirte al Curso con soporte? Si &nbsp;la respuesta es si, entonces tan solo pulsa clic en el bot\u00f3n inscribirme Ahora:<\/p>\n<p style=\"text-align: justify;\">Cualquier duda o pregunta, tan solo escr\u00edbenos en el chat o bien al correo electr\u00f3nico rogerperezb@gmail.com.<\/p>\n<p style=\"text-align: justify;\">Te saluda,<\/p>\n<p style=\"text-align: justify;\"><strong>Roger Perez &#8211; CEO Aplica Excel Contable<\/strong><\/p>\n","protected":false},"excerpt":{"rendered":"<p>Te gustar\u00eda acceder al Curso completo y Descargar el Sistema Contable V3.0 ? Te invito a inscribirte al Curso completo con soporte incluido. Te gustar\u00eda saber que incluye el paquete del Curso completo con Soporte incluido? Si estas aqu\u00ed es por que eres una persona decidido en mejorar d\u00eda a d\u00eda tus habilidades y conocimientos [&hellip;]<\/p>\n","protected":false},"author":1,"featured_media":0,"parent":0,"menu_order":0,"comment_status":"closed","ping_status":"closed","template":"","meta":{"footnotes":""},"class_list":["post-13667","page","type-page","status-publish","hentry","post-wrapper","thrv_wrapper"],"yoast_head":"<!-- This site is optimized with the Yoast SEO Premium plugin v22.8 (Yoast SEO v22.8) - https:\/\/yoast.com\/wordpress\/plugins\/seo\/ -->\n<title>incluirsoportealcurso1 - ZONA DE MIEMBROS<\/title>\n<meta name=\"robots\" content=\"index, follow, max-snippet:-1, max-image-preview:large, max-video-preview:-1\" \/>\n<link rel=\"canonical\" href=\"https:\/\/aplicaexcelcontable.com\/Alumnos\/incluirsoportealcurso1\" \/>\n<meta property=\"og:locale\" content=\"es_ES\" \/>\n<meta property=\"og:type\" content=\"article\" \/>\n<meta property=\"og:title\" content=\"incluirsoportealcurso1\" \/>\n<meta property=\"og:description\" content=\"Te gustar\u00eda acceder al Curso completo y Descargar el Sistema Contable V3.0 ? Te invito a inscribirte al Curso completo con soporte incluido. Te gustar\u00eda saber que incluye el paquete del Curso completo con Soporte incluido? Si estas aqu\u00ed es por que eres una persona decidido en mejorar d\u00eda a d\u00eda tus habilidades y conocimientos [&hellip;]\" \/>\n<meta property=\"og:url\" content=\"https:\/\/aplicaexcelcontable.com\/Alumnos\/incluirsoportealcurso1\" \/>\n<meta property=\"og:site_name\" content=\"ZONA DE MIEMBROS\" \/>\n<meta property=\"article:modified_time\" content=\"2023-06-12T20:39:17+00:00\" \/>\n<meta property=\"og:image\" content=\"https:\/\/aplicaexcelcontable.com\/Alumnos\/wp-content\/uploads\/2018\/11\/Roger-Perez-150x150.png\" \/>\n<meta name=\"twitter:card\" content=\"summary_large_image\" \/>\n<meta name=\"twitter:label1\" content=\"Tiempo de lectura\" \/>\n\t<meta name=\"twitter:data1\" content=\"2 minutos\" \/>\n<script type=\"application\/ld+json\" class=\"yoast-schema-graph\">{\"@context\":\"https:\/\/schema.org\",\"@graph\":[{\"@type\":\"WebPage\",\"@id\":\"https:\/\/aplicaexcelcontable.com\/Alumnos\/incluirsoportealcurso1\",\"url\":\"https:\/\/aplicaexcelcontable.com\/Alumnos\/incluirsoportealcurso1\",\"name\":\"incluirsoportealcurso1 - ZONA DE MIEMBROS\",\"isPartOf\":{\"@id\":\"https:\/\/aplicaexcelcontable.com\/Alumnos\/#website\"},\"primaryImageOfPage\":{\"@id\":\"https:\/\/aplicaexcelcontable.com\/Alumnos\/incluirsoportealcurso1#primaryimage\"},\"image\":{\"@id\":\"https:\/\/aplicaexcelcontable.com\/Alumnos\/incluirsoportealcurso1#primaryimage\"},\"thumbnailUrl\":\"https:\/\/aplicaexcelcontable.com\/Alumnos\/wp-content\/uploads\/2018\/11\/Roger-Perez-150x150.png\",\"datePublished\":\"2019-12-28T14:05:16+00:00\",\"dateModified\":\"2023-06-12T20:39:17+00:00\",\"breadcrumb\":{\"@id\":\"https:\/\/aplicaexcelcontable.com\/Alumnos\/incluirsoportealcurso1#breadcrumb\"},\"inLanguage\":\"es\",\"potentialAction\":[{\"@type\":\"ReadAction\",\"target\":[\"https:\/\/aplicaexcelcontable.com\/Alumnos\/incluirsoportealcurso1\"]}]},{\"@type\":\"ImageObject\",\"inLanguage\":\"es\",\"@id\":\"https:\/\/aplicaexcelcontable.com\/Alumnos\/incluirsoportealcurso1#primaryimage\",\"url\":\"https:\/\/aplicaexcelcontable.com\/Alumnos\/wp-content\/uploads\/2018\/11\/Roger-Perez.png\",\"contentUrl\":\"https:\/\/aplicaexcelcontable.com\/Alumnos\/wp-content\/uploads\/2018\/11\/Roger-Perez.png\",\"width\":308,\"height\":308},{\"@type\":\"BreadcrumbList\",\"@id\":\"https:\/\/aplicaexcelcontable.com\/Alumnos\/incluirsoportealcurso1#breadcrumb\",\"itemListElement\":[{\"@type\":\"ListItem\",\"position\":1,\"name\":\"Portada\",\"item\":\"https:\/\/aplicaexcelcontable.com\/Alumnos\/\"},{\"@type\":\"ListItem\",\"position\":2,\"name\":\"incluirsoportealcurso1\"}]},{\"@type\":\"WebSite\",\"@id\":\"https:\/\/aplicaexcelcontable.com\/Alumnos\/#website\",\"url\":\"https:\/\/aplicaexcelcontable.com\/Alumnos\/\",\"name\":\"ZONA DE MIEMBROS\",\"description\":\"TU META ES\u2026 AUTOMATIZAR PLANTILLAS EXCEL\",\"potentialAction\":[{\"@type\":\"SearchAction\",\"target\":{\"@type\":\"EntryPoint\",\"urlTemplate\":\"https:\/\/aplicaexcelcontable.com\/Alumnos\/?s={search_term_string}\"},\"query-input\":\"required name=search_term_string\"}],\"inLanguage\":\"es\"}]}<\/script>\n<!-- \/ Yoast SEO Premium plugin. -->","yoast_head_json":{"title":"incluirsoportealcurso1 - ZONA DE MIEMBROS","robots":{"index":"index","follow":"follow","max-snippet":"max-snippet:-1","max-image-preview":"max-image-preview:large","max-video-preview":"max-video-preview:-1"},"canonical":"https:\/\/aplicaexcelcontable.com\/Alumnos\/incluirsoportealcurso1","og_locale":"es_ES","og_type":"article","og_title":"incluirsoportealcurso1","og_description":"Te gustar\u00eda acceder al Curso completo y Descargar el Sistema Contable V3.0 ? Te invito a inscribirte al Curso completo con soporte incluido. Te gustar\u00eda saber que incluye el paquete del Curso completo con Soporte incluido? Si estas aqu\u00ed es por que eres una persona decidido en mejorar d\u00eda a d\u00eda tus habilidades y conocimientos [&hellip;]","og_url":"https:\/\/aplicaexcelcontable.com\/Alumnos\/incluirsoportealcurso1","og_site_name":"ZONA DE MIEMBROS","article_modified_time":"2023-06-12T20:39:17+00:00","og_image":[{"url":"https:\/\/aplicaexcelcontable.com\/Alumnos\/wp-content\/uploads\/2018\/11\/Roger-Perez-150x150.png"}],"twitter_card":"summary_large_image","twitter_misc":{"Tiempo de lectura":"2 minutos"},"schema":{"@context":"https:\/\/schema.org","@graph":[{"@type":"WebPage","@id":"https:\/\/aplicaexcelcontable.com\/Alumnos\/incluirsoportealcurso1","url":"https:\/\/aplicaexcelcontable.com\/Alumnos\/incluirsoportealcurso1","name":"incluirsoportealcurso1 - ZONA DE MIEMBROS","isPartOf":{"@id":"https:\/\/aplicaexcelcontable.com\/Alumnos\/#website"},"primaryImageOfPage":{"@id":"https:\/\/aplicaexcelcontable.com\/Alumnos\/incluirsoportealcurso1#primaryimage"},"image":{"@id":"https:\/\/aplicaexcelcontable.com\/Alumnos\/incluirsoportealcurso1#primaryimage"},"thumbnailUrl":"https:\/\/aplicaexcelcontable.com\/Alumnos\/wp-content\/uploads\/2018\/11\/Roger-Perez-150x150.png","datePublished":"2019-12-28T14:05:16+00:00","dateModified":"2023-06-12T20:39:17+00:00","breadcrumb":{"@id":"https:\/\/aplicaexcelcontable.com\/Alumnos\/incluirsoportealcurso1#breadcrumb"},"inLanguage":"es","potentialAction":[{"@type":"ReadAction","target":["https:\/\/aplicaexcelcontable.com\/Alumnos\/incluirsoportealcurso1"]}]},{"@type":"ImageObject","inLanguage":"es","@id":"https:\/\/aplicaexcelcontable.com\/Alumnos\/incluirsoportealcurso1#primaryimage","url":"https:\/\/aplicaexcelcontable.com\/Alumnos\/wp-content\/uploads\/2018\/11\/Roger-Perez.png","contentUrl":"https:\/\/aplicaexcelcontable.com\/Alumnos\/wp-content\/uploads\/2018\/11\/Roger-Perez.png","width":308,"height":308},{"@type":"BreadcrumbList","@id":"https:\/\/aplicaexcelcontable.com\/Alumnos\/incluirsoportealcurso1#breadcrumb","itemListElement":[{"@type":"ListItem","position":1,"name":"Portada","item":"https:\/\/aplicaexcelcontable.com\/Alumnos\/"},{"@type":"ListItem","position":2,"name":"incluirsoportealcurso1"}]},{"@type":"WebSite","@id":"https:\/\/aplicaexcelcontable.com\/Alumnos\/#website","url":"https:\/\/aplicaexcelcontable.com\/Alumnos\/","name":"ZONA DE MIEMBROS","description":"TU META ES\u2026 AUTOMATIZAR PLANTILLAS EXCEL","potentialAction":[{"@type":"SearchAction","target":{"@type":"EntryPoint","urlTemplate":"https:\/\/aplicaexcelcontable.com\/Alumnos\/?s={search_term_string}"},"query-input":"required name=search_term_string"}],"inLanguage":"es"}]}},"_links":{"self":[{"href":"https:\/\/aplicaexcelcontable.com\/Alumnos\/wp-json\/wp\/v2\/pages\/13667","targetHints":{"allow":["GET"]}}],"collection":[{"href":"https:\/\/aplicaexcelcontable.com\/Alumnos\/wp-json\/wp\/v2\/pages"}],"about":[{"href":"https:\/\/aplicaexcelcontable.com\/Alumnos\/wp-json\/wp\/v2\/types\/page"}],"author":[{"embeddable":true,"href":"https:\/\/aplicaexcelcontable.com\/Alumnos\/wp-json\/wp\/v2\/users\/1"}],"replies":[{"embeddable":true,"href":"https:\/\/aplicaexcelcontable.com\/Alumnos\/wp-json\/wp\/v2\/comments?post=13667"}],"version-history":[{"count":12,"href":"https:\/\/aplicaexcelcontable.com\/Alumnos\/wp-json\/wp\/v2\/pages\/13667\/revisions"}],"predecessor-version":[{"id":14822,"href":"https:\/\/aplicaexcelcontable.com\/Alumnos\/wp-json\/wp\/v2\/pages\/13667\/revisions\/14822"}],"wp:attachment":[{"href":"https:\/\/aplicaexcelcontable.com\/Alumnos\/wp-json\/wp\/v2\/media?parent=13667"}],"curies":[{"name":"wp","href":"https:\/\/api.w.org\/{rel}","templated":true}]}}